ighest common divisor of j and 34?
17
Let d be 10/3*(-234)/65. Let p = -5 - d. What is the greatest common factor of p and 35?
7
Let i = -2 - -2. Let z = 1 + i. Let h = 3 + 8. What is the greatest common divisor of h and z?
1
Let p = -89 - -243. Let b(s) = s**2 - 3*s + 4. Let a be b(5). Calculate the greatest common divisor of p and a.
14
Suppose -i = -0*u + 5*u - 26, 19 = 2*i - u. Suppose 5*q - i - 29 = 0. Calculate the greatest common divisor of 56 and q.
8
Suppose -3*z = 2*z - 10. What is the highest common divisor of 11 and z?
1
Let w(q) = -6*q - 16. Let k be w(-4). What is the highest common divisor of k and 8?
8
Let v(t) = t**2 + 5*t + 4. Let n be v(-10). Calculate the greatest common factor of n and 9.
9
Suppose -131 = -2*x + 133. Let u be (-3)/(-6)*(-1 + 9). Suppose u*l - 44 = 4. What is the highest common factor of l and x?
12
Suppose 3*m + 38 = 2*q + 15, 0 = -2*q - 3*m + 41. What is the greatest common factor of 4 and q?
4
Let f(v) = v**2 - 3. Let n be f(-5). Suppose -5*w + 60 = 5*o, -4*w = -4*o + 14 + 26. Calculate the greatest common factor of n and o.
11
Let g(z) = -z**3 - 3*z**2 + 4*z + 3. Let v be g(-4). Suppose -23 = -v*w + 22. What is the highest common factor of 105 and w?
15
Let x = 9 + -5. Suppose 50 + 2 = x*i. Let s = -2 + i. What is the greatest common factor of 77 and s?
11
Let x be (0 + -12)*1/(-3). What is the greatest common divisor of 6 and x?
2
Suppose 2 + 52 = 3*c. Calculate the greatest common divisor of c and 144.
18
Suppose -22 = -3*f - 4*y, 4*f + y = -0*y + 25. Let t be 21*(-1)/f*-2. What is the highest common factor of t and 7?
7
Let s = -224 - -364. Calculate the highest common factor of 14 and s.
14
Let r(i) = -2*i - 4. Let j be r(-4). Suppose 2*h = 5*c - 56, 12 = 3*c - 0. Let y = 38 + h. Calculate the greatest common divisor of y and j.
4
Let l(d) = 2*d**3 + 13*d**2 + 10*d + 26. Let a be l(-6). Calculate the greatest common factor of a and 11.
1
Suppose -131 = -10*o + 49. Calculate the highest common divisor of 198 and o.
18
Let b = -43 + 49. Calculate the greatest common factor of 24 and b.
6
Let z = -13 - -16. Calculate the highest common factor of 9 and z.
3
Suppose -3*r = -0*r + 3*j - 159, 3*r - j - 139 = 0. Let g be (-56)/(-9) + (-4)/18. Calculate the greatest common divisor of r and g.
6
Let o be ((-8)/(32/(-684)))/1. Calculate the highest common divisor of 19 and o.
19
Let v(s) = -s**3 - 10*s**2 - s - 9. Let q be v(-10). Calculate the greatest common divisor of 11 and q.
1
Suppose 16 = 4*u - 5*n, -5*u + 5*n = -16 - 9. What is the highest common divisor of 99 and u?
9
Let r be ((-198)/15)/(14/(-175)). What is the greatest common divisor of r and 15?
15
Suppose 4*v - 5*j = 105, 3*v - 2*v - 15 = 5*j. What is the highest common factor of v and 75?
15
Let l(h) = -h**2 - 5*h + 5. Let v be l(-4). Let p = -9 - -108. What is the greatest common divisor of v and p?
9
Let b(n) = 5*n**3 - n**2 - 2. Let d be b(2). Calculate the highest common divisor of d and 17.
17
Let z(l) = -l**3 - 4*l**2 + 4*l + 2. Let d be z(-4). Let a be 40/2*d/(-4). Let m(p) = 9*p - 26. Let v be m(4). Calculate the greatest common factor of a and v.
10
Let g = 4 - -59. Let t = g - 43. What is the highest common factor of 180 and t?
20
Let q(b) = -12*b - 4. Let n = 9 - 7. Suppose -n*y - 3 - 3 = 0. Let p be q(y). What is the greatest common factor of p and 16?
16
Suppose 2*c - 96 = 4*q, 0 = 4*c - 7*q + 6*q - 185. Let r(n) = 3*n**2 - 6*n - 3. Let l be r(-4). What is the highest common factor of c and l?
23
Let k = 0 + 2. Suppose -y - 2*y - 105 = m, k*y - m + 65 = 0. Let d = y + 82. Calculate the greatest common factor of d and 12.
12
Let c be (-10 + 1)/(2/(-6)). What is the highest common divisor of c and 27?
27
Suppose 75 = 2*d + 3*r, d - 32 = r + 3*r. What is the highest common divisor of 36 and d?
36
Let p be 5/(15/114) - -1. Let z = p - 12. What is the highest common factor of z and 3?
3
Suppose 4*l + 4*n - 40 = 0, l + 4*l - 53 = -4*n. Suppose 4*m = 5*m + l. Let j = m + 27. What is the highest common divisor of j and 2?
2
Let w(m) = -m - 9. Let o(f) = f + 9. Let h(d) = -6*o(d) - 7*w(d). Let c be h(-7). Suppose a - 2 = c. What is the highest common factor of a and 44?
4
Suppose 6 = -6*d + 3*d. Let i be d/(4/(-6)) - -2. Let m be (i/(-4))/((-1)/4). Calculate the greatest common divisor of 1 and m.
1
Suppose -7 - 113 = -6*d. What is the greatest common divisor of 4 and d?
4
Let a(j) = 13*j - 4. Let l be a(4). Suppose 4*r - 10 - 10 = 0. Suppose -12 = -2*y + 5*u, r*u = -3*y + 26 - 8. What is the greatest common divisor of l and y?
6
Suppose -2*y + 7*x + 37 = 8*x, -41 = -2*y - 5*x. What is the highest common factor of y and 6?
6
Let x = -117 - -225. Let h = 12 - 0. Calculate the highest common divisor of h and x.
12
Let r be 3/15 + 392/(-10). Let w be r/(-4) + 7/28. What is the greatest common factor of w and 25?
5
Suppose 5*i - i - 18 = w, -2*i + 4*w + 2 = 0. Let s be (-1)/(2/(2/1)). Let q = 14 - s. What is the highest common factor of i and q?
5
Let j = 274 + 67. Calculate the highest common divisor of j and 31.
31
Let r(b) = 2*b**3 - b**2 - 4. Let j be r(-2). Let k = j - -52. What is the greatest common divisor of 112 and k?
28
Suppose f = 3*v - 248, v + 3*v + 5*f - 356 = 0. Calculate the highest common factor of 12 and v.
12
Suppose -3*d - 75 = -2*s, 2*s - 125 = -4*d - 29. Calculate the greatest common divisor of s and 6.
6
Let w = 112 + -80. What is the highest common factor of w and 4?
4
Suppose -3 = -2*t + t. Suppose 4*z + t = 11. Suppose -2*x = 4*i, z*x - 2*i = -x + 32. Calculate the highest common factor of x and 8.
8
Let o be 120/(-6)*(-2)/4. What is the greatest common divisor of o and 80?
10
Let t be (-111)/(-12) - 6/(-8). Let s be (-1)/(51/(-25) + 2). Calculate the highest common divisor of t and s.
5
Let x be (5*(-12)/18)/(6/(-9)). Calculate the highest common factor of 5 and x.
5
Let j be 3*6*308/42. Calculate the greatest common factor of j and 44.
44
Suppose 7*a = 4*a + 222. What is the greatest common divisor of a and 37?
37
Let c(v) = -7*v - 7. Suppose -4*n + 13 - 37 = 0. Let w be c(n). Calculate the highest common divisor of w and 7.
7
Suppose 2*p - 98 = 5*i, p - 4*i = 21 + 25. What is the greatest common factor of p and 9?
9
Suppose -y + 10 = 4*y. Let s be (-28)/5*10/(-4). Calculate the highest common divisor of s and y.
2
Suppose -17*g = -23*g + 360. Let r be 1/4 + (-188)/(-16). Calculate the highest common factor of g and r.
12
Let i = -33 - -52. Suppose -76 = 3*d - 5*d. What is the highest common factor of i and d?
19
Let x(m) = m**2 - 2*m + 2. Let n be x(2). Suppose n*q + q = -6, 0 = o + 2*q - 6. Suppose 4*d = -0*d + 20. Calculate the greatest common factor of o and d.
5
Suppose 6*r - 8 = 2*r, -2*r - 36 = -5*w. What is the greatest common divisor of w and 4?
4
Let v = -1 - -2. Let y = 3 - v. What is the highest common divisor of 10 and y?
2
Let d be -1 - 2/2 - (-19 + 9). Suppose -6*p + p + 200 = 0. What is the highest common divisor of p and d?
8
Let q be ((-44)/(-3))/(4/6). Suppose 0 = -3*l + l + 66. What is the greatest common divisor of l and q?
11
Suppose 15 = y + 4*y. Let o = 20 - -13. What is the highest common divisor of o and y?
3
Let r = 6 - -15. Let s(v) = -3*v**2 - 3*v + 2. Let c be s(-3). Let d be 1*227 - (c + 12). Calculate the greatest common divisor of d and r.
21
Let z be (20/(-70))/((-1)/7). What is the greatest common divisor of 22 and z?
2
Let y = -10 + 6. Let i = -1 - y. Calculate the greatest common divisor of i and 3.
3
Let b be (104/(-12))/(4/(-6)). What is the greatest common factor of b and 104?
13
Let q(v) be the second derivative of -33*v**5/10 - v**4/12 + v**2/2 - 6*v. Let w be q(-1). What is the highest common divisor of 33 and w?
33
Suppose -4*u + 10 = -2*u. What is the greatest common factor of 10 and u?
5
Let p = -9 - -9. Let w(h) = 0*h - 8*h - h**2 - 7 + p*h**2. Let c be w(-6). Calculate the greatest common factor of 1 and c.
1
Let c(n) = 3*n**2 + 6*n + 3. Let m(s) = -9*s**2 - 18*s - 8. Let k(h) = 7*c(h) + 2*m(h). Let j be k(5). What is the greatest common divisor of 10 and j?
10
Suppose -5*v = -932 + 107. What is the highest common divisor of 66 and v?
33
Suppose 3*l - 3 = -0*l. Let i be (-6)/(-15)*(-15)/(-6). Calculate the greatest common divisor of l and i.
1
Let j(k) = k**3 + 11*